{"id":48,"date":"2022-10-24T12:40:36","date_gmt":"2022-10-24T10:40:36","guid":{"rendered":"http:\/\/grafik-kevelaer.de\/vorschau\/holzem_neu\/?page_id=48"},"modified":"2022-10-24T14:28:18","modified_gmt":"2022-10-24T12:28:18","slug":"historie","status":"publish","type":"page","link":"http:\/\/grafik-kevelaer.de\/vorschau\/holzem_neu\/historie\/","title":{"rendered":"Historie"},"content":{"rendered":"<p>[et_pb_section fb_built=&#8220;1&#8243; fullwidth=&#8220;on&#8220; _builder_version=&#8220;4.18.0&#8243; _module_preset=&#8220;default&#8220; border_width_top=&#8220;7px&#8220; border_color_top=&#8220;gcid-164b1a61-a2ee-4304-b2a2-6530fa8b1774&#8243; global_colors_info=&#8220;{%22gcid-164b1a61-a2ee-4304-b2a2-6530fa8b1774%22:%91%22border_color_top%22%93}&#8220;][et_pb_fullwidth_slider _builder_version=&#8220;4.18.0&#8243; _module_preset=&#8220;default&#8220; global_colors_info=&#8220;{}&#8220;][et_pb_slide heading=&#8220;Historie&#8220; _builder_version=&#8220;4.18.0&#8243; _module_preset=&#8220;default&#8220; header_level=&#8220;h2&#8243; header_font=&#8220;||||||||&#8220; header_font_size=&#8220;80px&#8220; background_enable_color=&#8220;off&#8220; background_image=&#8220;http:\/\/grafik-kevelaer.de\/vorschau\/holzem_neu\/wp-content\/uploads\/2022\/10\/bild_hintergrund3.jpg&#8220; background_enable_image=&#8220;on&#8220; parallax=&#8220;on&#8220; parallax_method=&#8220;off&#8220; global_colors_info=&#8220;{}&#8220; sticky_transition=&#8220;on&#8220;][\/et_pb_slide][\/et_pb_fullwidth_slider][\/et_pb_section][et_pb_section fb_built=&#8220;1&#8243; _builder_version=&#8220;4.18.0&#8243; _module_preset=&#8220;default&#8220; global_colors_info=&#8220;{}&#8220;][et_pb_row column_structure=&#8220;1_4,1_4,1_4,1_4&#8243; _builder_version=&#8220;4.18.0&#8243; _module_preset=&#8220;default&#8220; hover_enabled=&#8220;0&#8243; global_colors_info=&#8220;{}&#8220; animation_style=&#8220;fade&#8220; sticky_enabled=&#8220;0&#8243;][et_pb_column type=&#8220;1_4&#8243; _builder_version=&#8220;4.18.0&#8243; _module_preset=&#8220;default&#8220; global_colors_info=&#8220;{}&#8220;][et_pb_image src=&#8220;http:\/\/grafik-kevelaer.de\/vorschau\/holzem_neu\/wp-content\/uploads\/2022\/10\/historie1.jpg&#8220; title_text=&#8220;historie1&#8243; _builder_version=&#8220;4.18.0&#8243; _module_preset=&#8220;default&#8220; global_colors_info=&#8220;{}&#8220;][\/et_pb_image][et_pb_text _builder_version=&#8220;4.18.0&#8243; _module_preset=&#8220;default&#8220; global_colors_info=&#8220;{}&#8220;]<\/p>\n<p>Theodor Holzem gr\u00fcndet die G\u00e4rtnerei 1846 in Rheydt<\/p>\n<p>[\/et_pb_text][\/et_pb_column][et_pb_column type=&#8220;1_4&#8243; _builder_version=&#8220;4.18.0&#8243; _module_preset=&#8220;default&#8220; global_colors_info=&#8220;{}&#8220;][et_pb_image src=&#8220;http:\/\/grafik-kevelaer.de\/vorschau\/holzem_neu\/wp-content\/uploads\/2022\/10\/historie2.jpg&#8220; title_text=&#8220;historie2&#8243; _builder_version=&#8220;4.18.0&#8243; _module_preset=&#8220;default&#8220; global_colors_info=&#8220;{}&#8220;][\/et_pb_image][et_pb_text _builder_version=&#8220;4.18.0&#8243; _module_preset=&#8220;default&#8220; global_colors_info=&#8220;{}&#8220;]<\/p>\n<p><span>Im Jahre 1924 erfolgte der Umzug des Betriebs zum jetzigen Standort an der Heinrich-Pesch-Strasse, da am bisherigen Standort, bedingt durch die innerst\u00e4dtische Lage, eine Expansion nicht mehr m\u00f6glich war.<\/span><\/p>\n<p>[\/et_pb_text][\/et_pb_column][et_pb_column type=&#8220;1_4&#8243; _builder_version=&#8220;4.18.0&#8243; _module_preset=&#8220;default&#8220; global_colors_info=&#8220;{}&#8220;][et_pb_image src=&#8220;http:\/\/grafik-kevelaer.de\/vorschau\/holzem_neu\/wp-content\/uploads\/2022\/10\/historie3.jpg&#8220; title_text=&#8220;historie3&#8243; _builder_version=&#8220;4.18.0&#8243; _module_preset=&#8220;default&#8220; global_colors_info=&#8220;{}&#8220;][\/et_pb_image][et_pb_text _builder_version=&#8220;4.18.0&#8243; _module_preset=&#8220;default&#8220; global_colors_info=&#8220;{}&#8220;]<\/p>\n<p><span>1946 wurde das 100 j\u00e4hrige Bestehen des Betriebs gefeiert.<\/span><\/p>\n<p>[\/et_pb_text][\/et_pb_column][et_pb_column type=&#8220;1_4&#8243; _builder_version=&#8220;4.18.0&#8243; _module_preset=&#8220;default&#8220; global_colors_info=&#8220;{}&#8220;][et_pb_image src=&#8220;http:\/\/grafik-kevelaer.de\/vorschau\/holzem_neu\/wp-content\/uploads\/2022\/10\/historie3.jpg&#8220; title_text=&#8220;historie3&#8243; _builder_version=&#8220;4.18.0&#8243; _module_preset=&#8220;default&#8220; global_colors_info=&#8220;{}&#8220;][\/et_pb_image][et_pb_text _builder_version=&#8220;4.18.0&#8243; _module_preset=&#8220;default&#8220; global_colors_info=&#8220;{}&#8220;]<\/p>\n<p>In den folgenden Jahren wurde der Betrieb weiter ausgebaut.<\/p>\n<p>2007 \u00fcbernahm Achim Holzem als 6. Generation den\u00a0Familien-Betrieb von Josef Holzem.<\/p>\n<p>[\/et_pb_text][\/et_pb_column][\/et_pb_row][\/et_pb_section][et_pb_section fb_built=&#8220;1&#8243; fullwidth=&#8220;on&#8220; _builder_version=&#8220;4.18.0&#8243; _module_preset=&#8220;default&#8220; global_colors_info=&#8220;{}&#8220;][et_pb_fullwidth_slider _builder_version=&#8220;4.18.0&#8243; _module_preset=&#8220;default&#8220; link_option_url=&#8220;http:\/\/grafik-kevelaer.de\/vorschau\/holzem_neu\/#kontakt&#8220; global_colors_info=&#8220;{}&#8220;][et_pb_slide button_text=&#8220;Kontaktieren Sie uns!&#8220; _builder_version=&#8220;4.18.0&#8243; _module_preset=&#8220;default&#8220; background_enable_color=&#8220;off&#8220; background_image=&#8220;http:\/\/grafik-kevelaer.de\/vorschau\/holzem_neu\/wp-content\/uploads\/2022\/10\/bild_hintergrund3.jpg&#8220; background_enable_image=&#8220;on&#8220; parallax=&#8220;on&#8220; parallax_method=&#8220;off&#8220; custom_button=&#8220;on&#8220; button_text_size=&#8220;25px&#8220; global_colors_info=&#8220;{}&#8220; sticky_transition=&#8220;on&#8220;][\/et_pb_slide][\/et_pb_fullwidth_slider][\/et_pb_section]<\/p>\n","protected":false},"excerpt":{"rendered":"<p>Theodor Holzem gr\u00fcndet die G\u00e4rtnerei 1846 in RheydtIm Jahre 1924 erfolgte der Umzug des Betriebs zum jetzigen Standort an der Heinrich-Pesch-Strasse, da am bisherigen Standort, bedingt durch die innerst\u00e4dtische Lage, eine Expansion nicht mehr m\u00f6glich war.1946 wurde das 100 j\u00e4hrige Bestehen des Betriebs gefeiert.In den folgenden Jahren wurde der Betrieb weiter ausgebaut. 2007 \u00fcbernahm Achim [&hellip;]<\/p>\n","protected":false},"author":1,"featured_media":0,"parent":0,"menu_order":0,"comment_status":"closed","ping_status":"closed","template":"","meta":{"_et_pb_use_builder":"on","_et_pb_old_content":"","_et_gb_content_width":"","footnotes":""},"class_list":["post-48","page","type-page","status-publish","hentry"],"_links":{"self":[{"href":"http:\/\/grafik-kevelaer.de\/vorschau\/holzem_neu\/wp-json\/wp\/v2\/pages\/48","targetHints":{"allow":["GET"]}}],"collection":[{"href":"http:\/\/grafik-kevelaer.de\/vorschau\/holzem_neu\/wp-json\/wp\/v2\/pages"}],"about":[{"href":"http:\/\/grafik-kevelaer.de\/vorschau\/holzem_neu\/wp-json\/wp\/v2\/types\/page"}],"author":[{"embeddable":true,"href":"http:\/\/grafik-kevelaer.de\/vorschau\/holzem_neu\/wp-json\/wp\/v2\/users\/1"}],"replies":[{"embeddable":true,"href":"http:\/\/grafik-kevelaer.de\/vorschau\/holzem_neu\/wp-json\/wp\/v2\/comments?post=48"}],"version-history":[{"count":4,"href":"http:\/\/grafik-kevelaer.de\/vorschau\/holzem_neu\/wp-json\/wp\/v2\/pages\/48\/revisions"}],"predecessor-version":[{"id":85,"href":"http:\/\/grafik-kevelaer.de\/vorschau\/holzem_neu\/wp-json\/wp\/v2\/pages\/48\/revisions\/85"}],"wp:attachment":[{"href":"http:\/\/grafik-kevelaer.de\/vorschau\/holzem_neu\/wp-json\/wp\/v2\/media?parent=48"}],"curies":[{"name":"wp","href":"https:\/\/api.w.org\/{rel}","templated":true}]}}

<p>[et_pb_section fb_built=&#8220;1&#8243; fullwidth=&#8220;on&#8220; _builder_version=&#8220;4.18.0&#8243; _module_preset=&#8220;default&#8220; border_width_top=&#8220;7px&#8220; border_color_top=&#8220;gcid-164b1a61-a2ee-4304-b2a2-6530fa8b1774&#8243; global_colors_info=&#8220;{%22gcid-164b1a61-a2ee-4304-b2a2-6530fa8b1774%22:%91%22border_color_top%22%93}&#8220;][et_pb_fullwidth_slider _builder_version=&#8220;4.18.0&#8243; _module_preset=&#8220;default&#8220; global_colors_info=&#8220;{}&#8220;][et_pb_slide heading=&#8220;Historie&#8220; _builder_version=&#8220;4.18.0&#8243; _module_preset=&#8220;default&#8220; header_level=&#8220;h2&#8243; header_font=&#8220;||||||||&#8220; header_font_size=&#8220;80px&#8220; background_enable_color=&#8220;off&#8220; background_image=&#8220;http://grafik-kevelaer.de/vorschau/holzem_neu/wp-content/uploads/2022/10/bild_hintergrund3.jpg&#8220; background_enable_image=&#8220;on&#8220; parallax=&#8220;on&#8220; parallax_method=&#8220;off&#8220; global_colors_info=&#8220;{}&#8220; sticky_transition=&#8220;on&#8220;][/et_pb_slide][/et_pb_fullwidth_slider][/et_pb_section][et_pb_section fb_built=&#8220;1&#8243; _builder_version=&#8220;4.18.0&#8243; _module_preset=&#8220;default&#8220; global_colors_info=&#8220;{}&#8220;][et_pb_row column_structure=&#8220;1_4,1_4,1_4,1_4&#8243; _builder_version=&#8220;4.18.0&#8243; _module_preset=&#8220;default&#8220; hover_enabled=&#8220;0&#8243; global_colors_info=&#8220;{}&#8220; animation_style=&#8220;fade&#8220; sticky_enabled=&#8220;0&#8243;][et_pb_column type=&#8220;1_4&#8243; _builder_version=&#8220;4.18.0&#8243; _module_preset=&#8220;default&#8220; global_colors_info=&#8220;{}&#8220;][et_pb_image src=&#8220;http://grafik-kevelaer.de/vorschau/holzem_neu/wp-content/uploads/2022/10/historie1.jpg&#8220; title_text=&#8220;historie1&#8243; _builder_version=&#8220;4.18.0&#8243; _module_preset=&#8220;default&#8220; global_colors_info=&#8220;{}&#8220;][/et_pb_image][et_pb_text _builder_version=&#8220;4.18.0&#8243; _module_preset=&#8220;default&#8220; global_colors_info=&#8220;{}&#8220;]</p>
<p>Theodor Holzem gründet die Gärtnerei 1846 in Rheydt</p>
<p>[/et_pb_text][/et_pb_column][et_pb_column type=&#8220;1_4&#8243; _builder_version=&#8220;4.18.0&#8243; _module_preset=&#8220;default&#8220; global_colors_info=&#8220;{}&#8220;][et_pb_image src=&#8220;http://grafik-kevelaer.de/vorschau/holzem_neu/wp-content/uploads/2022/10/historie2.jpg&#8220; title_text=&#8220;historie2&#8243; _builder_version=&#8220;4.18.0&#8243; _module_preset=&#8220;default&#8220; global_colors_info=&#8220;{}&#8220;][/et_pb_image][et_pb_text _builder_version=&#8220;4.18.0&#8243; _module_preset=&#8220;default&#8220; global_colors_info=&#8220;{}&#8220;]</p>
<p><span>Im Jahre 1924 erfolgte der Umzug des Betriebs zum jetzigen Standort an der Heinrich-Pesch-Strasse, da am bisherigen Standort, bedingt durch die innerstädtische Lage, eine Expansion nicht mehr möglich war.</span></p>
<p>[/et_pb_text][/et_pb_column][et_pb_column type=&#8220;1_4&#8243; _builder_version=&#8220;4.18.0&#8243; _module_preset=&#8220;default&#8220; global_colors_info=&#8220;{}&#8220;][et_pb_image src=&#8220;http://grafik-kevelaer.de/vorschau/holzem_neu/wp-content/uploads/2022/10/historie3.jpg&#8220; title_text=&#8220;historie3&#8243; _builder_version=&#8220;4.18.0&#8243; _module_preset=&#8220;default&#8220; global_colors_info=&#8220;{}&#8220;][/et_pb_image][et_pb_text _builder_version=&#8220;4.18.0&#8243; _module_preset=&#8220;default&#8220; global_colors_info=&#8220;{}&#8220;]</p>
<p><span>1946 wurde das 100 jährige Bestehen des Betriebs gefeiert.</span></p>
<p>[/et_pb_text][/et_pb_column][et_pb_column type=&#8220;1_4&#8243; _builder_version=&#8220;4.18.0&#8243; _module_preset=&#8220;default&#8220; global_colors_info=&#8220;{}&#8220;][et_pb_image src=&#8220;http://grafik-kevelaer.de/vorschau/holzem_neu/wp-content/uploads/2022/10/historie3.jpg&#8220; title_text=&#8220;historie3&#8243; _builder_version=&#8220;4.18.0&#8243; _module_preset=&#8220;default&#8220; global_colors_info=&#8220;{}&#8220;][/et_pb_image][et_pb_text _builder_version=&#8220;4.18.0&#8243; _module_preset=&#8220;default&#8220; global_colors_info=&#8220;{}&#8220;]</p>
<p>In den folgenden Jahren wurde der Betrieb weiter ausgebaut.</p>
<p>2007 übernahm Achim Holzem als 6. Generation den Familien-Betrieb von Josef Holzem.</p>
<p>[/et_pb_text][/et_pb_column][/et_pb_row][/et_pb_section][et_pb_section fb_built=&#8220;1&#8243; fullwidth=&#8220;on&#8220; _builder_version=&#8220;4.18.0&#8243; _module_preset=&#8220;default&#8220; global_colors_info=&#8220;{}&#8220;][et_pb_fullwidth_slider _builder_version=&#8220;4.18.0&#8243; _module_preset=&#8220;default&#8220; link_option_url=&#8220;http://grafik-kevelaer.de/vorschau/holzem_neu/#kontakt&#8220; global_colors_info=&#8220;{}&#8220;][et_pb_slide button_text=&#8220;Kontaktieren Sie uns!&#8220; _builder_version=&#8220;4.18.0&#8243; _module_preset=&#8220;default&#8220; background_enable_color=&#8220;off&#8220; background_image=&#8220;http://grafik-kevelaer.de/vorschau/holzem_neu/wp-content/uploads/2022/10/bild_hintergrund3.jpg&#8220; background_enable_image=&#8220;on&#8220; parallax=&#8220;on&#8220; parallax_method=&#8220;off&#8220; custom_button=&#8220;on&#8220; button_text_size=&#8220;25px&#8220; global_colors_info=&#8220;{}&#8220; sticky_transition=&#8220;on&#8220;][/et_pb_slide][/et_pb_fullwidth_slider][/et_pb_section]</p>

<p>Theodor Holzem gründet die Gärtnerei 1846 in RheydtIm Jahre 1924 erfolgte der Umzug des Betriebs zum jetzigen Standort an der Heinrich-Pesch-Strasse, da am bisherigen Standort, bedingt durch die innerstädtische Lage, eine Expansion nicht mehr möglich war.1946 wurde das 100 jährige Bestehen des Betriebs gefeiert.In den folgenden Jahren wurde der Betrieb weiter ausgebaut. 2007 übernahm Achim [&hellip;]</p>
