{"id":87,"date":"2022-10-24T14:38:56","date_gmt":"2022-10-24T12:38:56","guid":{"rendered":"http:\/\/grafik-kevelaer.de\/vorschau\/holzem_neu\/?page_id=87"},"modified":"2022-10-24T14:41:03","modified_gmt":"2022-10-24T12:41:03","slug":"nachhaltigkeit","status":"publish","type":"page","link":"http:\/\/grafik-kevelaer.de\/vorschau\/holzem_neu\/nachhaltigkeit\/","title":{"rendered":"Nachhaltigkeit"},"content":{"rendered":"<p>[et_pb_section fb_built=&#8220;1&#8243; fullwidth=&#8220;on&#8220; _builder_version=&#8220;4.18.0&#8243; _module_preset=&#8220;default&#8220; border_width_top=&#8220;7px&#8220; border_color_top=&#8220;gcid-164b1a61-a2ee-4304-b2a2-6530fa8b1774&#8243; global_colors_info=&#8220;{%22gcid-164b1a61-a2ee-4304-b2a2-6530fa8b1774%22:%91%22border_color_top%22%93}&#8220;][et_pb_fullwidth_slider _builder_version=&#8220;4.18.0&#8243; _module_preset=&#8220;default&#8220; global_colors_info=&#8220;{}&#8220;][et_pb_slide heading=&#8220;Nachhaltigkeit&#8220; _builder_version=&#8220;4.18.0&#8243; _module_preset=&#8220;default&#8220; header_level=&#8220;h2&#8243; header_font=&#8220;||||||||&#8220; header_font_size=&#8220;80px&#8220; background_enable_color=&#8220;off&#8220; background_image=&#8220;http:\/\/grafik-kevelaer.de\/vorschau\/holzem_neu\/wp-content\/uploads\/2022\/10\/beet-balkon2.jpg&#8220; background_enable_image=&#8220;on&#8220; parallax=&#8220;on&#8220; parallax_method=&#8220;off&#8220; global_colors_info=&#8220;{}&#8220; sticky_transition=&#8220;on&#8220;][\/et_pb_slide][\/et_pb_fullwidth_slider][\/et_pb_section][et_pb_section fb_built=&#8220;1&#8243; _builder_version=&#8220;4.18.0&#8243; _module_preset=&#8220;default&#8220; global_colors_info=&#8220;{}&#8220;][et_pb_row _builder_version=&#8220;4.18.0&#8243; _module_preset=&#8220;default&#8220; hover_enabled=&#8220;0&#8243; global_colors_info=&#8220;{}&#8220; animation_style=&#8220;fade&#8220; sticky_enabled=&#8220;0&#8243;][et_pb_column type=&#8220;4_4&#8243; _builder_version=&#8220;4.18.0&#8243; _module_preset=&#8220;default&#8220; global_colors_info=&#8220;{}&#8220;][et_pb_text _builder_version=&#8220;4.18.0&#8243; _module_preset=&#8220;default&#8220; header_2_text_color=&#8220;gcid-47575adf-8eb6-4079-825d-ce9de5b8a3e1&#8243; global_colors_info=&#8220;{%22gcid-47575adf-8eb6-4079-825d-ce9de5b8a3e1%22:%91%22header_2_text_color%22%93}&#8220;]<\/p>\n<h2><span>Wir legen gro\u00dfen Wert auf eine m\u00f6glichst ressourcenschonende, umweltfreundliche Produktion:<\/span><\/h2>\n<p>[\/et_pb_text][\/et_pb_column][\/et_pb_row][et_pb_row column_structure=&#8220;1_3,1_3,1_3&#8243; _builder_version=&#8220;4.18.0&#8243; _module_preset=&#8220;default&#8220; animation_style=&#8220;fade&#8220; hover_enabled=&#8220;0&#8243; global_colors_info=&#8220;{}&#8220; sticky_enabled=&#8220;0&#8243;][et_pb_column type=&#8220;1_3&#8243; _builder_version=&#8220;4.18.0&#8243; _module_preset=&#8220;default&#8220; global_colors_info=&#8220;{}&#8220;][et_pb_image src=&#8220;http:\/\/grafik-kevelaer.de\/vorschau\/holzem_neu\/wp-content\/uploads\/2022\/10\/betriebsprofil3-1.jpg&#8220; title_text=&#8220;betriebsprofil3&#8243; _builder_version=&#8220;4.18.0&#8243; _module_preset=&#8220;default&#8220; global_colors_info=&#8220;{}&#8220;][\/et_pb_image][et_pb_text _builder_version=&#8220;4.18.0&#8243; _module_preset=&#8220;default&#8220; global_colors_info=&#8220;{}&#8220;]<\/p>\n<p><span>\u2013 2013 Inbetriebnahme eines Niedrigenergie-Gew\u00e4chshaus mit einer Gr\u00f6\u00dfe von 5600m\u00b2, gef\u00f6rdert von der Bundes- anstalt f\u00fcr Landwirtschaft und Ern\u00e4hrung im Rahmen des Energieeffizienzprogramms<\/span><\/p>\n<p>[\/et_pb_text][\/et_pb_column][et_pb_column type=&#8220;1_3&#8243; _builder_version=&#8220;4.18.0&#8243; _module_preset=&#8220;default&#8220; global_colors_info=&#8220;{}&#8220;][et_pb_image src=&#8220;http:\/\/grafik-kevelaer.de\/vorschau\/holzem_neu\/wp-content\/uploads\/2022\/10\/nachhaltigkeit2.jpg&#8220; title_text=&#8220;nachhaltigkeit2&#8243; _builder_version=&#8220;4.18.0&#8243; _module_preset=&#8220;default&#8220; global_colors_info=&#8220;{}&#8220;][\/et_pb_image][et_pb_text _builder_version=&#8220;4.18.0&#8243; _module_preset=&#8220;default&#8220; global_colors_info=&#8220;{}&#8220;]<\/p>\n<p><span>\u2013 Seit 2012 heizen wir CO\u00b2-neutral mit Holzpellets, die aus Rest<br \/>h\u00f6lzern der holzverarbei-<br \/>tenden Industrie gewonnen werden.<\/span><\/p>\n<p>Modernste Heiztechnik und ein Zyklonentstauber sorgen f\u00fcr geringst m\u00f6gliche Emissionen.<\/p>\n<p>[\/et_pb_text][\/et_pb_column][et_pb_column type=&#8220;1_3&#8243; _builder_version=&#8220;4.18.0&#8243; _module_preset=&#8220;default&#8220; global_colors_info=&#8220;{}&#8220;][et_pb_image src=&#8220;http:\/\/grafik-kevelaer.de\/vorschau\/holzem_neu\/wp-content\/uploads\/2022\/10\/nachhaltigkeit3.jpg&#8220; title_text=&#8220;nachhaltigkeit3&#8243; _builder_version=&#8220;4.18.0&#8243; _module_preset=&#8220;default&#8220; global_colors_info=&#8220;{}&#8220;][\/et_pb_image][et_pb_text _builder_version=&#8220;4.18.0&#8243; _module_preset=&#8220;default&#8220; global_colors_info=&#8220;{}&#8220;]<\/p>\n<p><span>\u2013 hohe Energieeffizienz: unsere Gew\u00e4chsh\u00e4user sind mit modernen Energieschirmen ausgestattet, die nachts die W\u00e4rmeabstrahlung effiezient reduzieren<\/span><\/p>\n<p>\u2013 Regetechnik: modernste Regeltechnik steuert die klimatischen Gegebenheiten in den Gew\u00e4chsh\u00e4usern auch im Hinblick auf Energieeffizienz<\/p>\n<p><span>\u00a0<\/span><\/p>\n<p>[\/et_pb_text][\/et_pb_column][\/et_pb_row][et_pb_row column_structure=&#8220;1_3,1_3,1_3&#8243; _builder_version=&#8220;4.18.0&#8243; _module_preset=&#8220;default&#8220; animation_style=&#8220;fade&#8220; hover_enabled=&#8220;0&#8243; global_colors_info=&#8220;{}&#8220; sticky_enabled=&#8220;0&#8243;][et_pb_column type=&#8220;1_3&#8243; _builder_version=&#8220;4.18.0&#8243; _module_preset=&#8220;default&#8220; global_colors_info=&#8220;{}&#8220;][et_pb_image src=&#8220;http:\/\/grafik-kevelaer.de\/vorschau\/holzem_neu\/wp-content\/uploads\/2022\/10\/nachhaltigkeit4-1.jpg&#8220; title_text=&#8220;nachhaltigkeit4&#8243; _builder_version=&#8220;4.18.0&#8243; _module_preset=&#8220;default&#8220; global_colors_info=&#8220;{}&#8220;][\/et_pb_image][et_pb_text _builder_version=&#8220;4.18.0&#8243; _module_preset=&#8220;default&#8220; global_colors_info=&#8220;{}&#8220;]<\/p>\n<p><span>\u2013 Vew\u00e4sserung: Wir bew\u00e4ssern unsere Kulturen mit dem Regenwasser, welches von unseren Gew\u00e4chsh\u00e4usern aufgefangen und gespeichert wird. Die Ebbe-Flut-Bew\u00e4sserung ist ein geschlossenes System, so dass keine Belastung des Grundwassers mit D\u00fcnger stattfindet.<\/span><\/p>\n<p>[\/et_pb_text][\/et_pb_column][et_pb_column type=&#8220;1_3&#8243; _builder_version=&#8220;4.18.0&#8243; _module_preset=&#8220;default&#8220; global_colors_info=&#8220;{}&#8220;][et_pb_image src=&#8220;http:\/\/grafik-kevelaer.de\/vorschau\/holzem_neu\/wp-content\/uploads\/2022\/10\/nachhaltigkeit5.jpg&#8220; title_text=&#8220;nachhaltigkeit5&#8243; _builder_version=&#8220;4.18.0&#8243; _module_preset=&#8220;default&#8220; global_colors_info=&#8220;{}&#8220;][\/et_pb_image][et_pb_text _builder_version=&#8220;4.18.0&#8243; _module_preset=&#8220;default&#8220; global_colors_info=&#8220;{}&#8220;]<\/p>\n<p><span>\u2013 Pflanzenschutz: Durch den Einsatz verschiedener N\u00fctzlinge und Pflanzenst\u00e4rkungsmittel gelingt es den Einsatz von chemischen Pflanzenschutz- mitteln weitestgehend zu reduzieren<\/span><\/p>\n<p>[\/et_pb_text][\/et_pb_column][et_pb_column type=&#8220;1_3&#8243; _builder_version=&#8220;4.18.0&#8243; _module_preset=&#8220;default&#8220; global_colors_info=&#8220;{}&#8220;][\/et_pb_column][\/et_pb_row][\/et_pb_section][et_pb_section fb_built=&#8220;1&#8243; fullwidth=&#8220;on&#8220; _builder_version=&#8220;4.18.0&#8243; _module_preset=&#8220;default&#8220; global_colors_info=&#8220;{}&#8220;][et_pb_fullwidth_slider _builder_version=&#8220;4.18.0&#8243; _module_preset=&#8220;default&#8220; link_option_url=&#8220;http:\/\/grafik-kevelaer.de\/vorschau\/holzem_neu\/#kontakt&#8220; global_colors_info=&#8220;{}&#8220;][et_pb_slide button_text=&#8220;Kontaktieren Sie uns!&#8220; _builder_version=&#8220;4.18.0&#8243; _module_preset=&#8220;default&#8220; background_enable_color=&#8220;off&#8220; background_image=&#8220;http:\/\/grafik-kevelaer.de\/vorschau\/holzem_neu\/wp-content\/uploads\/2022\/10\/beet-balkon2.jpg&#8220; background_enable_image=&#8220;on&#8220; parallax=&#8220;on&#8220; parallax_method=&#8220;off&#8220; custom_button=&#8220;on&#8220; button_text_size=&#8220;25px&#8220; global_colors_info=&#8220;{}&#8220; sticky_transition=&#8220;on&#8220;][\/et_pb_slide][\/et_pb_fullwidth_slider][\/et_pb_section]<\/p>\n","protected":false},"excerpt":{"rendered":"<p>Wir legen gro\u00dfen Wert auf eine m\u00f6glichst ressourcenschonende, umweltfreundliche Produktion:\u2013 2013 Inbetriebnahme eines Niedrigenergie-Gew\u00e4chshaus mit einer Gr\u00f6\u00dfe von 5600m\u00b2, gef\u00f6rdert von der Bundes- anstalt f\u00fcr Landwirtschaft und Ern\u00e4hrung im Rahmen des Energieeffizienzprogramms\u2013 Seit 2012 heizen wir CO\u00b2-neutral mit Holzpellets, die aus Resth\u00f6lzern der holzverarbei-tenden Industrie gewonnen werden. Modernste Heiztechnik und ein Zyklonentstauber sorgen f\u00fcr geringst [&hellip;]<\/p>\n","protected":false},"author":1,"featured_media":0,"parent":0,"menu_order":0,"comment_status":"closed","ping_status":"closed","template":"","meta":{"_et_pb_use_builder":"on","_et_pb_old_content":"","_et_gb_content_width":"","footnotes":""},"class_list":["post-87","page","type-page","status-publish","hentry"],"_links":{"self":[{"href":"http:\/\/grafik-kevelaer.de\/vorschau\/holzem_neu\/wp-json\/wp\/v2\/pages\/87","targetHints":{"allow":["GET"]}}],"collection":[{"href":"http:\/\/grafik-kevelaer.de\/vorschau\/holzem_neu\/wp-json\/wp\/v2\/pages"}],"about":[{"href":"http:\/\/grafik-kevelaer.de\/vorschau\/holzem_neu\/wp-json\/wp\/v2\/types\/page"}],"author":[{"embeddable":true,"href":"http:\/\/grafik-kevelaer.de\/vorschau\/holzem_neu\/wp-json\/wp\/v2\/users\/1"}],"replies":[{"embeddable":true,"href":"http:\/\/grafik-kevelaer.de\/vorschau\/holzem_neu\/wp-json\/wp\/v2\/comments?post=87"}],"version-history":[{"count":3,"href":"http:\/\/grafik-kevelaer.de\/vorschau\/holzem_neu\/wp-json\/wp\/v2\/pages\/87\/revisions"}],"predecessor-version":[{"id":99,"href":"http:\/\/grafik-kevelaer.de\/vorschau\/holzem_neu\/wp-json\/wp\/v2\/pages\/87\/revisions\/99"}],"wp:attachment":[{"href":"http:\/\/grafik-kevelaer.de\/vorschau\/holzem_neu\/wp-json\/wp\/v2\/media?parent=87"}],"curies":[{"name":"wp","href":"https:\/\/api.w.org\/{rel}","templated":true}]}}